**2 - 33*x - 24. What is o(2)?
38
Let m(c) = 155*c - 157. Calculate m(1).
-2
Let z(r) = -2*r**2 - 127*r - 594. Give z(-5).
-9
Let m(w) = -w**3 + 39*w**2 + 31*w - 111. Determine m(40).
-471
Let x(f) = f**3 + 78*f**2 - 108*f - 2008. What is x(-79)?
283
Let q(g) = -177*g + 194. What is q(1)?
17
Let t(n) = -94202*n - 376801. Determine t(-4).
7
Let o(r) = 238*r**2 + 42*r - 43. Give o(1).
237
Let v(z) = z**3 - 39*z**2 - 664*z - 626. What is v(52)?
-2
Let d(c) = -2*c**2 - 2*c + 315. Determine d(13).
-49
Let s(l) = -312*l - 1227. Calculate s(-4).
21
Let k(b) = 375*b + 6374. Determine k(-17).
-1
Let y(l) = -2*l - 92. What is y(-22)?
-48
Let b(m) = 3*m**2 + 85*m - 181. What is b(-30)?
-31
Let p(f) = -f**3 - 18*f**2 - 15*f - 250. Calculate p(-18).
20
Let c(n) = -n**2 + 162*n - 1947. What is c(15)?
258
Let b(t) = -4*t**2 + 23*t + 42. Calculate b(7).
7
Let w(u) = u**3 - 16*u**2 + 18*u + 5. Determine w(12).
-355
Let y(k) = 28*k + 1313. What is y(-47)?
-3
Let q(s) = 234*s + 11677. Calculate q(-50).
-23
Let l(o) = -o**2 + 735*o - 10099. Determine l(14).
-5
Let a(i) = -i**2 - 83*i + 2673. Determine a(-108).
-27
Let j(z) = -z**2 + 132*z + 1424. What is j(-10)?
4
Let c(g) = g**2 - 275*g - 2527. Give c(-9).
29
Let b(x) = 41*x - 2104. What is b(57)?
233
Let q(g) = g**3 + g**2 - 19*g - 50. Calculate q(-6).
-116
Let t(f) = -89*f - 296. Calculate t(7).
-919
Let b(k) = k**2 - 37*k - 223. Calculate b(47).
247
Let u(y) = y**2 + 133*y - 829. What is u(6)?
5
Let t(w) = -5*w**2 + 5*w + 5. What is t(3)?
-25
Let q(r) = -r**3 + 11*r**2 - 26*r - 20. Calculate q(7).
-6
Let s(m) = -90*m**2 - 1166*m + 30. Determine s(-13).
-22
Let r(v) = -252*v**2 + 495*v - 4. Calculate r(2).
-22
Let r(p) = 6*p**2 + 38*p + 49. What is r(-8)?
129
Let b(w) = -968*w + 133588. What is b(138)?
4
Let h(t) = -2*t**2 + 86*t + 76. What is h(45)?
-104
Let w(t) = t**3 + 55*t**2 + 389*t - 1157. Determine w(-46).
-7
Let o(w) = -102*w - 1011. Give o(-8).
-195
Let d(y) = 3*y**2 - 34*y - 93. What is d(-3)?
36
Let p(g) = -124*g + 629. Determine p(5).
9
Let o(q) = -82*q - 5322. Give o(-65).
8
Let o(h) = -2*h**3 - 25*h**2 - 17*h + 11. Give o(-12).
71
Let a(h) = h**3 + 13*h**2 + 40*h + 45. Determine a(-9).
9
Let c(m) = 7*m**3 + 49*m**2 - 99*m - 3. Determine c(2).
51
Let a(w) = -w**2 - 9*w + 53. Give a(5).
-17
Let i(y) = -4*y**3 + 4*y**2 + 33*y - 160. What is i(4)?
-220
Let s(p) = 19*p - 1450. Give s(76).
-6
Let a(s) = -s**3 + 18*s**2 - 20*s + 26. What is a(17)?
-25
Let o(l) = -l**3 - 73*l**2 - 29*l + 3091. Give o(-72).
-5
Let f(n) = -n**3 - 59*n**2 - 230*n - 555. Give f(-55).
-5
Let q(t) = t**3 + 10*t**2 + 34*t - 30. Calculate q(-6).
-90
Let d(r) = -14*r**2 - 199*r + 197. Give d(1).
-16
Let g(p) = p**2 + 28*p + 14. Determine g(-27).
-13
Let c(s) = 2*s**2 - 46*s - 1272. Calculate c(-16).
-24
Let v(f) = 4*f**2 + 64*f - 769. Determine v(8).
-1
Let o(h) = 2*h**3 + 44*h**2 + 5*h + 127. Calculate o(-21).
904
Let u(m) = m**2 + 27*m - 126. Determine u(5).
34
Let z(q) = -26*q**2 - q - 3. Calculate z(-1).
-28
Let x(m) = -12*m**2 + 75*m - 31. Calculate x(4).
77
Let k(s) = 103*s**2 - 620*s + 10. Give k(6).
-2
Let l(k) = 196*k - 3151. Determine l(16).
-15
Let u(f) = f**3 - f**2 + 12*f - 149. What is u(7)?
229
Let p(x) = x**2 - 1117*x - 3351. Give p(-3).
9
Let y(j) = -3*j**2 - 5015*j + 10037. What is y(2)?
-5
Let y(w) = -219*w + 281. What is y(-1)?
500
Let b(m) = 13*m - 247. Calculate b(14).
-65
Let i(o) = -o**3 - 58*o**2 + 112*o - 483. Determine i(-60).
-3
Let m(z) = -192*z - 1729. What is m(-9)?
-1
Let x(l) = -17*l**2 - 14*l + 29. Calculate x(2).
-67
Let g(n) = -5*n**3 + 7*n**2 + 11*n + 1. Calculate g(-1).
2
Let m(w) = w**3 - 17*w**2 + 71*w - 55. Determine m(11).
0
Let d(f) = -10*f**2 - 390*f - 28. Calculate d(-39).
-28
Let b(u) = 184*u - 387. Give b(2).
-19
Let t(g) = 87*g - 46. Calculate t(2).
128
Let u(d) = d**3 - 20*d**2 + 59*d - 1. Calculate u(8).
-297
Let r(k) = 114*k - 691. Give r(6).
-7
Let w(m) = 7*m**2 + 368*m - 89. What is w(-52)?
-297
Let i(d) = d**3 + 13*d**2 + 26*d - 81. What is i(-5)?
-11
Let q(n) = 91*n - 1161. What is q(8)?
-433
Let b(f) = -32*f + 53. Calculate b(0).
53
Let j(i) = -i**3 + 6*i**2 + 59*i - 54. Give j(11).
-10
Let w(z) = -z**2 + 563*z + 2262. Give w(-4).
-6
Let n(z) = 3*z**2 - 50*z + 209. What is n(7)?
6
Let p(b) = 11*b - 97. What is p(15)?
68
Let x(u) = -u**2 + 32*u + 118. What is x(30)?
178
Let k(y) = 62*y**2 - 556*y - 12. Determine k(9).
6
Let v(n) = n**3 + 90*n**2 - 93*n + 202. Determine v(-91).
384
Let m(o) = 16*o + 1549. Give m(-97).
-3
Let w(l) = -l**3 - 7*l**2 - l + 4. What is w(-7)?
11
Let f(p) = -2*p**2 - 1902*p - 4. Give f(0).
-4
Let d(z) = 77*z + 67. What is d(-1)?
-10
Let x(f) = f**3 - 3*f**2 - 1386*f + 6885. Calculate x(5).
5
Let a(v) = 47*v**2 + 558*v - 31. Determine a(-12).
41
Let x(m) = m**3 + 19*m**2 + 40*m - 134. Determine x(-16).
-6
Let m(g) = -21*g + 24. Calculate m(2).
-18
Let o(k) = -256*k - 1298. Determine o(-5).
-18
Let z(i) = -2*i**2 - 37*i + 4. Calculate z(-19).
-15
Let j(b) = 14*b + 2504. What is j(-141)?
530
Let h(r) = -618*r + 3007. Give h(5).
-83
Let p(h) = -6*h**3 - 612*h**2 - h - 170. What is p(-102)?
-68
Let x(q) = q**3 + 12*q**2 + q + 436. Determine x(-14).
30
Let k(s) = -s**2 - s + 15. What is k(-4)?
3
Let r(v) = -v**2 - 158*v - 482. Give r(-155).
-17
Let b(x) = -456*x + 2342. Determine b(5).
62
Let j(w) = -4034*w + 419537. Calculate j(104).
1
Let z(x) = 4*x**2 + 342*x - 133. Calculate z(-86).
39
Let s(b) = 2*b + 251. Determine s(-109).
33
Let t(o) = 55*o + 8134. Give t(-148).
-6
Let d(z) = 10*z**2 - 30*z - 82. What is d(4)?
-42
Let l(q) = -q**3 - 112*q**2 + 2641*q + 276. Determine l(-132).
144
Let f(c) = 14*c + 568. Determine f(-44).
-48
Let s(w) = 689*w + 78552. Calculate s(-114).
6
Let w(f) = -f**3 + 2*f**2 + 7*f - 47. Determine w(0).
-47
Let t(y) = y**3 - 5*y**2 + 73*y - 277. What is t(4)?
-1
Let q(p) = -6*p**2 + 76*p - 269. What is q(4)?
-61
Let h(y) = -9*y**2 + 13*y + 99. Calculate h(-4).
-97
Let y(h) = 94*h - 11004. Calculate y(117).
-6
Let f(h) = h**3 - 72*h**2 - 10*h + 657. What is f(72)?
-63
Let d(c) = 99*c**2 - 499*c + 3. Determine d(5).
-17
Let k(w) = 107*w + 3320. Determine k(-31).
3
Let a(i) = -i**3 - 15*i**2 - 3*i + 52. What is a(-6)?
-254
Let k(q) = -q**3 + 10*q**2 - 33*q + 128. What is k(8)?
-8
Let w(z) = 87*z + 1929. Give w(-22).
15
Let t(d) = -369*d - 2366. Determine t(-7).
217
Let g(z) = -z**3 - 15*z**2 + 39*z - 38. Calculate g(-17).
-123
Let h(q) = -51*q**3 - 614*q**2 - 20*q + 68. Calculate h(-12).
20
Let w(q) = q**3 + 93*q**2 - 1145*q - 24. What is w(-104)?
80
Let a(o) = -193*o - 34160. Determine a(-177).
1
Let b(k) = -k**3 - 60*k**2 + 257*k + 72. Calculate b(-64).
8
Let m(u) = -116*u + 213. Give m(2).
-19
Let k(f) = -144*f + 17. Give k(1).
-127
Let r(o) = -1873*o - 16852. Give r(-9).
5
Let p(k) = 2*k**2 + 226*k - 5932. What is p(-135)?
8
Let u(w) = -245*w + 317. Give u(2).
-173
Let j(r) = 14*r**2 - 262*r + 935. Give j(14).
11
Let j(t) = -t**3 + 83*t**2 + 83*t + 91. Calculate j(84).
7
Let t(z) = -362*z**2 - 5793*z - 6. What is t(-16)?
10
Let a(t) = -t**3 + 11*t**2 - 852*t + 8406. What is a(10)?
-14
Let f(p) = -p**2 - 12*p - 35. Determine f(-15).
-80
Let l(a) = -10*a**2 + 424*a - 111. What is l(41)?
463
Let w(j) = -j**2 + 9*j + 28. Determine w(17).
-108
Let a(w) = -w**3 - 46*w**2 - 81*w + 283. Calculate a(-44).
-25
Let m(g) = 41*g - 62. What is m(2)?
20
Let w(y) = 2136*y + 29907. Calculate w(-14).
3
Let z(y) = -y**3 + 101*y**2 - 13*y + 1303. Determine z(101).
-10
Let g(r) = -2270*r - 9076. Determine g(-4).
4
Let z(l) = -l**3 + 8*l**2 + l + 69. Give z(8).
77
Let j(d) = d**3 - 21*d**2 + 88*d + 57. Give j(6).
45
Let p(t) = 551*t + 5504. Determine p(-10).
-6
Let k(o) = -1255*o + 3766. What is k(3)?
1
Let i(d) = -d**3 - 4*d**2 - 3899*d - 15599. What is i(-4)?
-3
Let n(t) = 3*t**3 + 38*t**2 - 56*t + 19. Determine n(-14).
19
Let o(a) = -a**3 - 35*a**2 - 74*a - 1346. Give o(-34).
14
Let k(y) = 4*y**3 - 498*y**2 + 254*y - 750. Give k(124).
-6
Let f(v) = 99*v - 2745. Determine f(29).
126
Let t(f) = f**2 + 5*f - 4034. Determine t(61).
-8
Let d(x) = -689*x - 1409. What is d(-2)?
-31
Let n(k) = -5*k**2 + 227*k - 1516. Determine n(38).
-110
Let d(z) = -635*z + 6353. Determine d(10).
3
Let g(d) = -d**2 - 64*d + 1420. Determine g(17).
43
Let o(t) = t**